{"id":1103,"date":"2023-05-23T13:23:01","date_gmt":"2023-05-23T11:23:01","guid":{"rendered":"http:\/\/fmp.org.pl\/en\/?page_id=1103"},"modified":"2023-05-31T13:01:46","modified_gmt":"2023-05-31T11:01:46","slug":"29-lipca","status":"publish","type":"page","link":"https:\/\/fmp.org.pl\/en\/29-lipca\/","title":{"rendered":"29 lipca"},"content":{"rendered":"\t\t<div data-elementor-type=\"wp-page\" data-elementor-id=\"1103\" class=\"elementor elementor-1103\">\n\t\t\t\t\t\t\t\t\t<section class=\"elementor-section elementor-top-section elementor-element elementor-element-68c7eb7 elementor-section-stretched elementor-section-boxed elementor-section-height-default elementor-section-height-default\" data-id=\"68c7eb7\" data-element_type=\"section\" data-settings=\"{&quot;stretch_section&quot;:&quot;section-stretched&quot;,&quot;background_background&quot;:&quot;classic&quot;,&quot;_ha_eqh_enable&quot;:false}\">\n\t\t\t\t\t\t<div class=\"elementor-container elementor-column-gap-default\">\n\t\t\t\t\t<div class=\"aux-parallax-section elementor-column elementor-col-33 elementor-top-column elementor-element elementor-element-c6414ad\" data-id=\"c6414ad\" data-element_type=\"column\">\n\t\t\t<div class=\"elementor-widget-wrap elementor-element-populated\">\n\t\t\t\t\t\t\t\t<div class=\"elementor-element elementor-element-18dba56 elementor-widget elementor-widget-heading\" data-id=\"18dba56\" data-element_type=\"widget\" data-widget_type=\"heading.default\">\n\t\t\t\t<div class=\"elementor-widget-container\">\n\t\t\t<style>\/*! elementor - v3.13.3 - 28-05-2023 *\/\n.elementor-heading-title{padding:0;margin:0;line-height:1}.elementor-widget-heading .elementor-heading-title[class*=elementor-size-]>a{color:inherit;font-size:inherit;line-height:inherit}.elementor-widget-heading .elementor-heading-title.elementor-size-small{font-size:15px}.elementor-widget-heading .elementor-heading-title.elementor-size-medium{font-size:19px}.elementor-widget-heading .elementor-heading-title.elementor-size-large{font-size:29px}.elementor-widget-heading .elementor-heading-title.elementor-size-xl{font-size:39px}.elementor-widget-heading .elementor-heading-title.elementor-size-xxl{font-size:59px}<\/style><span class=\"elementor-heading-title elementor-size-default\">July 29, 2023 <br> hrs19.00<\/span>\t\t<\/div>\n\t\t\t\t<\/div>\n\t\t\t\t<div class=\"elementor-element elementor-element-7cf72af elementor-align-left elementor-icon-list--layout-traditional elementor-list-item-link-full_width elementor-widget elementor-widget-icon-list\" data-id=\"7cf72af\" data-element_type=\"widget\" data-widget_type=\"icon-list.default\">\n\t\t\t\t<div class=\"elementor-widget-container\">\n\t\t\t<link rel=\"stylesheet\" href=\"https:\/\/fmp.org.pl\/en\/wp-content\/plugins\/elementor\/assets\/css\/widget-icon-list.min.css\">\t\t<ul class=\"elementor-icon-list-items\">\n\t\t\t\t\t\t\t<li class=\"elementor-icon-list-item\">\n\t\t\t\t\t\t\t\t\t\t\t<a href=\"https:\/\/www.google.com\/maps?q=Nowohuckie+Centrum+Kultury+ul.+Jana+Paw%C5%82a+II+232&#038;um=1&#038;ie=UTF-8&#038;sa=X&#038;ved=2ahUKEwjF0JPek4v_AhVz-IsKHYxtCgAQ_AUoAXoECAEQAw\" target=\"_blank\" rel=\"nofollow\">\n\n\t\t\t\t\t\t\t\t\t\t\t\t<span class=\"elementor-icon-list-icon\">\n\t\t\t\t\t\t\t<i aria-hidden=\"true\" class=\"fas fa-map-marker-alt\"><\/i>\t\t\t\t\t\t<\/span>\n\t\t\t\t\t\t\t\t\t\t<span class=\"elementor-icon-list-text\">Nowa Huta Cultural Center<\/span>\n\t\t\t\t\t\t\t\t\t\t\t<\/a>\n\t\t\t\t\t\t\t\t\t<\/li>\n\t\t\t\t\t\t<\/ul>\n\t\t\t\t<\/div>\n\t\t\t\t<\/div>\n\t\t\t\t<div class=\"elementor-element elementor-element-91dd6d9 elementor-widget elementor-widget-text-editor\" data-id=\"91dd6d9\" data-element_type=\"widget\" data-widget_type=\"text-editor.default\">\n\t\t\t\t<div class=\"elementor-widget-container\">\n\t\t\t<style>\/*! elementor - v3.13.3 - 28-05-2023 *\/\n.elementor-widget-text-editor.elementor-drop-cap-view-stacked .elementor-drop-cap{background-color:#69727d;color:#fff}.elementor-widget-text-editor.elementor-drop-cap-view-framed .elementor-drop-cap{color:#69727d;border:3px solid;background-color:transparent}.elementor-widget-text-editor:not(.elementor-drop-cap-view-default) .elementor-drop-cap{margin-top:8px}.elementor-widget-text-editor:not(.elementor-drop-cap-view-default) .elementor-drop-cap-letter{width:1em;height:1em}.elementor-widget-text-editor .elementor-drop-cap{float:left;text-align:center;line-height:1;font-size:50px}.elementor-widget-text-editor .elementor-drop-cap-letter{display:inline-block}<\/style>\t\t\t\t<p><strong>OPERA GALA<\/strong><\/p><p>Izabela Matu\u0142a, soprano<br \/>Stanislaw Napiera\u0142a, tenor<br \/>Sinfonietta Cracovia<br \/>Maja Metelska-R\u00e4s\u00e4nen, conductor\u00a0<\/p>\t\t\t\t\t\t<\/div>\n\t\t\t\t<\/div>\n\t\t\t\t\t<\/div>\n\t\t<\/div>\n\t\t\t\t<div class=\"aux-parallax-section elementor-column elementor-col-33 elementor-top-column elementor-element elementor-element-d351d68\" data-id=\"d351d68\" data-element_type=\"column\">\n\t\t\t<div class=\"elementor-widget-wrap elementor-element-populated\">\n\t\t\t\t\t\t\t\t<div class=\"elementor-element elementor-element-f5926fd elementor-widget elementor-widget-text-editor\" data-id=\"f5926fd\" data-element_type=\"widget\" data-widget_type=\"text-editor.default\">\n\t\t\t\t<div class=\"elementor-widget-container\">\n\t\t\t\t\t\t\t<p><strong>S Moniuszko:<\/strong> overture to the opera &#8220;Paria&#8221;,<br \/><strong>S Moniuszko:<\/strong> Neala&#8217;s recitative and romance from the opera &#8220;Paria&#8221;<br \/><strong>W \u017bele\u0144ski:<\/strong> Janek&#8217;s aria from the opera &#8220;Janek&#8221;<br \/><strong>S Moniuszko:<\/strong> Aria of the Countess from the opera &#8220;The Countess&#8221;<br \/><strong>S Moniuszko:<\/strong> Stefan&#8217;s recitative and aria from the opera &#8220;The Haunted Manor&#8221;<br \/><strong>R Statkowski:<\/strong> scene and aria Philaenis from the prologue of the opera &#8220;Philaenis&#8221;<\/p><p><em>***pause***<\/em><\/p><p><strong>J M. K. Poniatowski:<\/strong> overture to the opera &#8220;Pierre de Medicis&#8221;<br \/><strong>F Nowowiejski:<\/strong> Doman&#8217;s aria from the opera &#8220;The Legend of the Baltic&#8221;<br \/><strong>S Moniuszko:<\/strong> overture to the opera &#8220;Halka&#8221;<br \/><strong>S Moniuszko:<\/strong> Halka&#8217;s recitative and aria from Act 4 of the opera &#8220;Halka&#8221;<br \/><strong>S Moniuszko:<\/strong> duet of Halka and Jontek from the 4th act of the opera &#8220;Halka&#8221;<br \/><strong>S Moniuszko:<\/strong> highlander dances from the opera &#8220;Halka&#8221;\u00a0<\/p>\t\t\t\t\t\t<\/div>\n\t\t\t\t<\/div>\n\t\t\t\t<div class=\"elementor-element elementor-element-86a6434 elementor-align-left elementor-widget elementor-widget-button\" data-id=\"86a6434\" data-element_type=\"widget\" data-widget_type=\"button.default\">\n\t\t\t\t<div class=\"elementor-widget-container\">\n\t\t\t\t\t<div class=\"elementor-button-wrapper\">\n\t\t\t<a href=\"https:\/\/smp.sumupstore.com\" target=\"_blank\" class=\"elementor-button-link elementor-button elementor-size-sm\" role=\"button\">\n\t\t\t\t\t\t<span class=\"elementor-button-content-wrapper\">\n\t\t\t\t\t\t<span class=\"elementor-button-text\">Buy a ticket<\/span>\n\t\t<\/span>\n\t\t\t\t\t<\/a>\n\t\t<\/div>\n\t\t\t\t<\/div>\n\t\t\t\t<\/div>\n\t\t\t\t\t<\/div>\n\t\t<\/div>\n\t\t\t\t<div class=\"aux-parallax-section elementor-column elementor-col-33 elementor-top-column elementor-element elementor-element-d76d4db\" data-id=\"d76d4db\" data-element_type=\"column\">\n\t\t\t<div class=\"elementor-widget-wrap elementor-element-populated\">\n\t\t\t\t\t\t\t\t<div class=\"elementor-element elementor-element-50e232b elementor-widget elementor-widget-image-carousel\" data-id=\"50e232b\" data-element_type=\"widget\" data-settings=\"{&quot;slides_to_show&quot;:&quot;1&quot;,&quot;slides_to_show_mobile&quot;:&quot;2&quot;,&quot;navigation&quot;:&quot;none&quot;,&quot;autoplay_speed&quot;:3000,&quot;autoplay&quot;:&quot;yes&quot;,&quot;pause_on_hover&quot;:&quot;yes&quot;,&quot;pause_on_interaction&quot;:&quot;yes&quot;,&quot;infinite&quot;:&quot;yes&quot;,&quot;effect&quot;:&quot;slide&quot;,&quot;speed&quot;:500}\" data-widget_type=\"image-carousel.default\">\n\t\t\t\t<div class=\"elementor-widget-container\">\n\t\t\t<style>\/*! elementor - v3.13.3 - 28-05-2023 *\/\n.elementor-widget-image-carousel .swiper,.elementor-widget-image-carousel .swiper-container{position:static}.elementor-widget-image-carousel .swiper-container .swiper-slide figure,.elementor-widget-image-carousel .swiper .swiper-slide figure{line-height:inherit}.elementor-widget-image-carousel .swiper-slide{text-align:center}.elementor-image-carousel-wrapper:not(.swiper-container-initialized):not(.swiper-initialized) .swiper-slide{max-width:calc(100% \/ var(--e-image-carousel-slides-to-show, 3))}<\/style>\t\t<div class=\"elementor-image-carousel-wrapper swiper\" dir=\"ltr\">\n\t\t\t<div class=\"elementor-image-carousel swiper-wrapper\">\n\t\t\t\t\t\t\t\t<div class=\"swiper-slide\"><figure class=\"swiper-slide-inner\"><img decoding=\"async\" class=\"swiper-slide-image\" src=\"https:\/\/fmp.org.pl\/en\/wp-content\/uploads\/2023\/05\/Projekt-bez-nazwy-3.jpg\" alt=\"fot. Karpati&amp;Zarewicz\" \/><figcaption class=\"elementor-image-carousel-caption\">fot. Karpati&amp;Zarewicz<\/figcaption><\/figure><\/div><div class=\"swiper-slide\"><figure class=\"swiper-slide-inner\"><img decoding=\"async\" class=\"swiper-slide-image\" src=\"https:\/\/fmp.org.pl\/en\/wp-content\/uploads\/2023\/05\/2-6.jpg\" alt=\"fot. Z. Burda\" \/><figcaption class=\"elementor-image-carousel-caption\"> fot. Z. Burda<\/figcaption><\/figure><\/div><div class=\"swiper-slide\"><figure class=\"swiper-slide-inner\"><img decoding=\"async\" class=\"swiper-slide-image\" src=\"https:\/\/fmp.org.pl\/en\/wp-content\/uploads\/2023\/05\/1-5.jpg\" alt=\"fot. Anna Kaczmarz\" \/><figcaption class=\"elementor-image-carousel-caption\">fot. Anna Kaczmarz<\/figcaption><\/figure><\/div>\t\t\t<\/div>\n\t\t\t\t\t\t\t\t\t\t\t\t\t\t\t\t<\/div>\n\t\t\t\t<\/div>\n\t\t\t\t<\/div>\n\t\t\t\t\t<\/div>\n\t\t<\/div>\n\t\t\t\t\t\t\t<\/div>\n\t\t<\/section>\n\t\t\t\t\t\t\t<\/div>\n\t\t","protected":false},"excerpt":{"rendered":"<p>July 29, 2023 hrs19.00 Nowa Huta Cultural Center OPERA GALA Izabela Matu\u0142a, sopranoStanislaw Napiera\u0142a, tenorSinfonietta CracoviaMaja Metelska-R\u00e4s\u00e4nen, conductor\u00a0 S Moniuszko: overture to the opera &#8220;Paria&#8221;,S Moniuszko: Neala&#8217;s recitative and romance from the opera &#8220;Paria&#8221;W \u017bele\u0144ski: Janek&#8217;s aria from the opera &#8220;Janek&#8221;S Moniuszko: Aria of the Countess from the opera &#8220;The Countess&#8221;S Moniuszko: Stefan&#8217;s recitative and [&hellip;]<\/p>\n","protected":false},"author":1,"featured_media":0,"parent":0,"menu_order":9,"comment_status":"closed","ping_status":"closed","template":"","meta":{"footnotes":""},"class_list":["post-1103","page","type-page","status-publish","hentry"],"_links":{"self":[{"href":"https:\/\/fmp.org.pl\/en\/wp-json\/wp\/v2\/pages\/1103","targetHints":{"allow":["GET"]}}],"collection":[{"href":"https:\/\/fmp.org.pl\/en\/wp-json\/wp\/v2\/pages"}],"about":[{"href":"https:\/\/fmp.org.pl\/en\/wp-json\/wp\/v2\/types\/page"}],"author":[{"embeddable":true,"href":"https:\/\/fmp.org.pl\/en\/wp-json\/wp\/v2\/users\/1"}],"replies":[{"embeddable":true,"href":"https:\/\/fmp.org.pl\/en\/wp-json\/wp\/v2\/comments?post=1103"}],"version-history":[{"count":31,"href":"https:\/\/fmp.org.pl\/en\/wp-json\/wp\/v2\/pages\/1103\/revisions"}],"predecessor-version":[{"id":1882,"href":"https:\/\/fmp.org.pl\/en\/wp-json\/wp\/v2\/pages\/1103\/revisions\/1882"}],"wp:attachment":[{"href":"https:\/\/fmp.org.pl\/en\/wp-json\/wp\/v2\/media?parent=1103"}],"curies":[{"name":"wp","href":"https:\/\/api.w.org\/{rel}","templated":true}]}}

<div data-elementor-type="wp-page" data-elementor-id="1103" class="elementor elementor-1103">
									<section class="elementor-section elementor-top-section elementor-element elementor-element-68c7eb7 elementor-section-stretched elementor-section-boxed elementor-section-height-default elementor-section-height-default" data-id="68c7eb7" data-element_type="section" data-settings="{&quot;stretch_section&quot;:&quot;section-stretched&quot;,&quot;background_background&quot;:&quot;classic&quot;,&quot;_ha_eqh_enable&quot;:false}">
						<div class="elementor-container elementor-column-gap-default">
					<div class="aux-parallax-section elementor-column elementor-col-33 elementor-top-column elementor-element elementor-element-c6414ad" data-id="c6414ad" data-element_type="column">
			<div class="elementor-widget-wrap elementor-element-populated">
								<div class="elementor-element elementor-element-18dba56 elementor-widget elementor-widget-heading" data-id="18dba56" data-element_type="widget" data-widget_type="heading.default">
				<div class="elementor-widget-container">
			<style>/*! elementor - v3.13.3 - 28-05-2023 */
.elementor-heading-title{padding:0;margin:0;line-height:1}.elementor-widget-heading .elementor-heading-title[class*=elementor-size-]>a{color:inherit;font-size:inherit;line-height:inherit}.elementor-widget-heading .elementor-heading-title.elementor-size-small{font-size:15px}.elementor-widget-heading .elementor-heading-title.elementor-size-medium{font-size:19px}.elementor-widget-heading .elementor-heading-title.elementor-size-large{font-size:29px}.elementor-widget-heading .elementor-heading-title.elementor-size-xl{font-size:39px}.elementor-widget-heading .elementor-heading-title.elementor-size-xxl{font-size:59px}</style><span class="elementor-heading-title elementor-size-default">July 29, 2023 <br> hrs19.00</span>		</div>
				</div>
				<div class="elementor-element elementor-element-7cf72af elementor-align-left elementor-icon-list--layout-traditional elementor-list-item-link-full_width elementor-widget elementor-widget-icon-list" data-id="7cf72af" data-element_type="widget" data-widget_type="icon-list.default">
				<div class="elementor-widget-container">
			<link rel="stylesheet" href="https://fmp.org.pl/en/wp-content/plugins/elementor/assets/css/widget-icon-list.min.css">		<ul class="elementor-icon-list-items">
							<li class="elementor-icon-list-item">
											<a href="https://www.google.com/maps?q=Nowohuckie+Centrum+Kultury+ul.+Jana+Paw%C5%82a+II+232&#038;um=1&#038;ie=UTF-8&#038;sa=X&#038;ved=2ahUKEwjF0JPek4v_AhVz-IsKHYxtCgAQ_AUoAXoECAEQAw" target="_blank" rel="nofollow">

												<span class="elementor-icon-list-icon">
							<i aria-hidden="true" class="fas fa-map-marker-alt"></i>						</span>
										<span class="elementor-icon-list-text">Nowa Huta Cultural Center</span>
											</a>
									</li>
						</ul>
				</div>
				</div>
				<div class="elementor-element elementor-element-91dd6d9 elementor-widget elementor-widget-text-editor" data-id="91dd6d9" data-element_type="widget" data-widget_type="text-editor.default">
				<div class="elementor-widget-container">
			<style>/*! elementor - v3.13.3 - 28-05-2023 */
.elementor-widget-text-editor.elementor-drop-cap-view-stacked .elementor-drop-cap{background-color:#69727d;color:#fff}.elementor-widget-text-editor.elementor-drop-cap-view-framed .elementor-drop-cap{color:#69727d;border:3px solid;background-color:transparent}.elementor-widget-text-editor:not(.elementor-drop-cap-view-default) .elementor-drop-cap{margin-top:8px}.elementor-widget-text-editor:not(.elementor-drop-cap-view-default) .elementor-drop-cap-letter{width:1em;height:1em}.elementor-widget-text-editor .elementor-drop-cap{float:left;text-align:center;line-height:1;font-size:50px}.elementor-widget-text-editor .elementor-drop-cap-letter{display:inline-block}</style>				<p><strong>OPERA GALA</strong></p><p>Izabela Matuła, soprano<br />Stanislaw Napierała, tenor<br />Sinfonietta Cracovia<br />Maja Metelska-Räsänen, conductor </p>						</div>
				</div>
					</div>
		</div>
				<div class="aux-parallax-section elementor-column elementor-col-33 elementor-top-column elementor-element elementor-element-d351d68" data-id="d351d68" data-element_type="column">
			<div class="elementor-widget-wrap elementor-element-populated">
								<div class="elementor-element elementor-element-f5926fd elementor-widget elementor-widget-text-editor" data-id="f5926fd" data-element_type="widget" data-widget_type="text-editor.default">
				<div class="elementor-widget-container">
							<p><strong>S Moniuszko:</strong> overture to the opera &#8220;Paria&#8221;,<br /><strong>S Moniuszko:</strong> Neala&#8217;s recitative and romance from the opera &#8220;Paria&#8221;<br /><strong>W Żeleński:</strong> Janek&#8217;s aria from the opera &#8220;Janek&#8221;<br /><strong>S Moniuszko:</strong> Aria of the Countess from the opera &#8220;The Countess&#8221;<br /><strong>S Moniuszko:</strong> Stefan&#8217;s recitative and aria from the opera &#8220;The Haunted Manor&#8221;<br /><strong>R Statkowski:</strong> scene and aria Philaenis from the prologue of the opera &#8220;Philaenis&#8221;</p><p><em>***pause***</em></p><p><strong>J M. K. Poniatowski:</strong> overture to the opera &#8220;Pierre de Medicis&#8221;<br /><strong>F Nowowiejski:</strong> Doman&#8217;s aria from the opera &#8220;The Legend of the Baltic&#8221;<br /><strong>S Moniuszko:</strong> overture to the opera &#8220;Halka&#8221;<br /><strong>S Moniuszko:</strong> Halka&#8217;s recitative and aria from Act 4 of the opera &#8220;Halka&#8221;<br /><strong>S Moniuszko:</strong> duet of Halka and Jontek from the 4th act of the opera &#8220;Halka&#8221;<br /><strong>S Moniuszko:</strong> highlander dances from the opera &#8220;Halka&#8221; </p>						</div>
				</div>
				<div class="elementor-element elementor-element-86a6434 elementor-align-left elementor-widget elementor-widget-button" data-id="86a6434" data-element_type="widget" data-widget_type="button.default">
				<div class="elementor-widget-container">
					<div class="elementor-button-wrapper">
			<a href="https://smp.sumupstore.com" target="_blank" class="elementor-button-link elementor-button elementor-size-sm" role="button">
						<span class="elementor-button-content-wrapper">
						<span class="elementor-button-text">Buy a ticket</span>
		</span>
					</a>
		</div>
				</div>
				</div>
					</div>
		</div>
				<div class="aux-parallax-section elementor-column elementor-col-33 elementor-top-column elementor-element elementor-element-d76d4db" data-id="d76d4db" data-element_type="column">
			<div class="elementor-widget-wrap elementor-element-populated">
								<div class="elementor-element elementor-element-50e232b elementor-widget elementor-widget-image-carousel" data-id="50e232b" data-element_type="widget" data-settings="{&quot;slides_to_show&quot;:&quot;1&quot;,&quot;slides_to_show_mobile&quot;:&quot;2&quot;,&quot;navigation&quot;:&quot;none&quot;,&quot;autoplay_speed&quot;:3000,&quot;autoplay&quot;:&quot;yes&quot;,&quot;pause_on_hover&quot;:&quot;yes&quot;,&quot;pause_on_interaction&quot;:&quot;yes&quot;,&quot;infinite&quot;:&quot;yes&quot;,&quot;effect&quot;:&quot;slide&quot;,&quot;speed&quot;:500}" data-widget_type="image-carousel.default">
				<div class="elementor-widget-container">
			<style>/*! elementor - v3.13.3 - 28-05-2023 */
.elementor-widget-image-carousel .swiper,.elementor-widget-image-carousel .swiper-container{position:static}.elementor-widget-image-carousel .swiper-container .swiper-slide figure,.elementor-widget-image-carousel .swiper .swiper-slide figure{line-height:inherit}.elementor-widget-image-carousel .swiper-slide{text-align:center}.elementor-image-carousel-wrapper:not(.swiper-container-initialized):not(.swiper-initialized) .swiper-slide{max-width:calc(100% / var(--e-image-carousel-slides-to-show, 3))}</style>		<div class="elementor-image-carousel-wrapper swiper" dir="ltr">
			<div class="elementor-image-carousel swiper-wrapper">
								<div class="swiper-slide"><figure class="swiper-slide-inner"><img decoding="async" class="swiper-slide-image" src="https://fmp.org.pl/en/wp-content/uploads/2023/05/Projekt-bez-nazwy-3.jpg" alt="fot. Karpati&amp;Zarewicz" /><figcaption class="elementor-image-carousel-caption">fot. Karpati&amp;Zarewicz</figcaption></figure></div><div class="swiper-slide"><figure class="swiper-slide-inner"><img decoding="async" class="swiper-slide-image" src="https://fmp.org.pl/en/wp-content/uploads/2023/05/2-6.jpg" alt="fot. Z. Burda" /><figcaption class="elementor-image-carousel-caption"> fot. Z. Burda</figcaption></figure></div><div class="swiper-slide"><figure class="swiper-slide-inner"><img decoding="async" class="swiper-slide-image" src="https://fmp.org.pl/en/wp-content/uploads/2023/05/1-5.jpg" alt="fot. Anna Kaczmarz" /><figcaption class="elementor-image-carousel-caption">fot. Anna Kaczmarz</figcaption></figure></div>			</div>
																</div>
				</div>
				</div>
					</div>
		</div>
							</div>
		</section>
							</div>

<p>July 29, 2023 hrs19.00 Nowa Huta Cultural Center OPERA GALA Izabela Matuła, sopranoStanislaw Napierała, tenorSinfonietta CracoviaMaja Metelska-Räsänen, conductor  S Moniuszko: overture to the opera &#8220;Paria&#8221;,S Moniuszko: Neala&#8217;s recitative and romance from the opera &#8220;Paria&#8221;W Żeleński: Janek&#8217;s aria from the opera &#8220;Janek&#8221;S Moniuszko: Aria of the Countess from the opera &#8220;The Countess&#8221;S Moniuszko: Stefan&#8217;s recitative and [&hellip;]</p>
